rime number?
True
Is 278380931 a prime number?
False
Is 6482149 prime?
True
Is 805957 a prime number?
False
Is 930756761 composite?
True
Is 338639531 composite?
True
Is 598286653 prime?
True
Is 8652767 prime?
True
Is 3964157 prime?
True
Is 151937 composite?
False
Is 38090513 a composite number?
False
Is 1005427 a prime number?
True
Is 378958499 composite?
True
Is 7540181 prime?
False
Is 953473 a prime number?
True
Is 949303 composite?
False
Is 31362223 prime?
False
Is 1098697 composite?
True
Is 22061113 a composite number?
False
Is 40802903 composite?
False
Is 1867403 prime?
False
Is 2738699 a prime number?
False
Is 209639 composite?
False
Is 22554677 a prime number?
True
Is 30989261 prime?
True
Is 10933831 a composite number?
False
Is 49553627 prime?
False
Is 4434329 a composite number?
False
Is 24262549 a composite number?
False
Is 236581 a composite number?
True
Is 86872729 composite?
False
Is 63131233 prime?
False
Is 35870467 prime?
True
Is 5158813 composite?
True
Is 5970631 a composite number?
True
Is 1562021 prime?
False
Is 15017203 a prime number?
True
Is 80751189 composite?
True
Is 4554203 a composite number?
False
Is 19704455 a prime number?
False
Is 998183 a composite number?
True
Is 660237799 a prime number?
False
Is 4029911 a composite number?
False
Is 6129947 a prime number?
True
Is 7068683 prime?
False
Is 20324987 a composite number?
False
Is 3174361 a prime number?
True
Is 66691259 a prime number?
False
Is 4845671 prime?
True
Is 84914407 a composite number?
True
Is 26690399 composite?
True
Is 3844133 a prime number?
True
Is 19103 composite?
True
Is 5163599 a prime number?
False
Is 41754397 composite?
True
Is 855419 a composite number?
False
Is 920067 composite?
True
Is 2851283 prime?
False
Is 111551 a prime number?
False
Is 23636147 a prime number?
True
Is 918913 composite?
False
Is 3179789 composite?
False
Is 117753863 prime?
False
Is 8254627 prime?
True
Is 689541001 a prime number?
True
Is 7044449 a prime number?
True
Is 8446391 composite?
False
Is 11874241 a prime number?
True
Is 761723 prime?
False
Is 13201087 a prime number?
True
Is 663437 composite?
False
Is 2240131 a prime number?
False
Is 17103659 a prime number?
True
Is 497551 prime?
True
Is 1406417 prime?
True
Is 3144407 composite?
True
Is 69232633 composite?
True
Is 368426859 composite?
True
Is 1333867 a composite number?
False
Is 5987339 prime?
True
Is 9170171 composite?
False
Is 228577297 a composite number?
True
Is 469673 a prime number?
True
Is 159892517 a composite number?
False
Is 4032079 a prime number?
False
Is 213283153 a composite number?
True
Is 43413355 a prime number?
False
Is 228686 composite?
True
Is 19076647 prime?
False
Is 61641797 a prime number?
False
Is 2426023 composite?
False
Is 429142249 a prime number?
True
Is 103509893 a prime number?
True
Is 5545019 a prime number?
False
Is 60439163 prime?
False
Is 47735917 a composite number?
False
Is 437449 prime?
False
Is 314640103 prime?
False
Is 3466819 a composite number?
True
Is 35042465 a composite number?
True
Is 290657 a composite number?
False
Is 118103281 a prime number?
False
Is 5880803 prime?
False
Is 1862863 composite?
True
Is 82222765 a prime number?
False
Is 976699 prime?
True
Is 46871041 prime?
False
Is 26283857 composite?
True
Is 43069511 a composite number?
False
Is 31604546 a composite number?
True
Is 16141357 a composite number?
False
Is 87838151 composite?
True
Is 2196069 prime?
False
Is 133236451 composite?
False
Is 3172993 a composite number?
True
Is 2512309 composite?
True
Is 5694313 prime?
True
Is 3032591 a composite number?
False
Is 46627223 a composite number?
True
Is 124766 composite?
True
Is 147881689 a composite number?
False
Is 101339047 prime?
True
Is 117772693 prime?
False
Is 4574613 a prime number?
False
Is 19446643 prime?
True
Is 1076953 a composite number?
False
Is 6128753 a composite number?
True
Is 4251847 prime?
True
Is 101467039 composite?
True
Is 372678967 a composite number?
True
Is 1334642 composite?
True
Is 79066787 prime?
True
Is 66221 composite?
False
Is 3802639 prime?
False
Is 5298355 prime?
False
Is 5408633 a composite number?
True
Is 227805283 prime?
True
Is 23672053 composite?
False
Is 207860977 prime?
False
Is 2690207 composite?
True
Is 105373 composite?
False
Is 776334821 a composite number?
False
Is 5593319 a prime number?
True
Is 27479 prime?
True
Is 168973271 composite?
False
Is 29718101 composite?
True
Is 3677939 a prime number?
False
Is 85149971 a prime number?
True
Is 619417429 composite?
False
Is 2529437 prime?
False
Is 733559 a prime number?
True
Is 2796181 a composite number?
False
Is 49204622 a composite number?
True
Is 573787 prime?
True
Is 25849169 composite?
False
Is 83736134 prime?
False
Is 94053671 composite?
False
Is 54387323 composite?
False
Is 29207591 a composite number?
True
Is 11632477 a prime number?
False
Is 78586017 a composite number?
True
Is 242922857 composite?
False
Is 30263887 a composite number?
True
Is 280876103 prime?
True
Is 103945 a composite number?
True
Is 87282311 prime?
True
Is 178034803 prime?
True
Is 9217121 prime?
True
Is 106663097 a composite number?
True
Is 523373519 a composite number?
True
Is 4929187 composite?
False
Is 1979369 prime?
False
Is 911158 composite?
True
Is 3760693 composite?
False
Is 47228593 composite?
True
Is 34122113 prime?
False
Is 4564067 prime?
False
Is 552649 prime?
True
Is 11587601 prime?
True
Is 637565873 a composite number?
True
Is 609487 prime?
True
Is 1222937 prime?
False
Is 7493719 composite?
True
Is 64726783 prime?
False
Is 216175289 prime?
False
Is 1159412809 a composite number?
False
Is 26162897 composite?
True
Is 94477 a composite number?
False
Is 984118607 a prime number?
True
Is 13561141 composite?
True
Is 100757067 a composite number?
True
Is 11779321 prime?
True
Is 2726939 prime?
True
Is 8412409 composite?
False
Is 1536719 prime?
True
Is 6049319 composite?
False
Is 2234698 a composite number?
True
Is 265404067 a prime number?
False
Is 149021423 a composite number?
False
Is 137239 composite?
False
Is 402694654 prime?
False
Is 11482969 a composite number?
False
Is 22052487 a composite number?
True
Is 19095935 composite?
True
Is 4498609 a composite number?
False
Is 405987 a composite number?
True
Is 5197589 a composite number?
True
Is 1459277 a prime number?
True
Is 4818319 a composite number?
True
Is 274167913 composite?
False
Is 69495599 prime?
False
Is 137804371 prime?
True
Is 1888793 a prime number?
True
Is 50767147 a prime number?
True
Is 128165321 a composite number?
False
Is 301155971 prime?
True
Is 370711189 a prime number?
True
Is 53215931 a prime number?
False
Is 23838509 composite?
False
Is 748751 a prime number?
False
Is 90603937 a prime number?
True
Is 3100003 composite?
True
Is 235607269 prime?
True
Is 77486923 prime?
True
Is 3399427 prime?
True
Is 16981121 a prime number?
False
Is 13999127 a composite number?
True
Is 2800397 a composite number?
False
Is 385012697 composite?
False
Is 529470299 composite?
False
Is 95450783 a composite number?
False
Is 20895559 a composite number?
False
Is 72469415 composite?
True
Is 42627181 prime?
True
Is 1618159 prime?
False
Is 3058091 composite?
True
Is 89808659 prime?
False
Is 333719453 composite?
True
Is 597056858 a composite number?
True
Is 33599993 prime?
False
Is 27162701 prime?
False
Is 10877489 prime?
False
Is 27913871 composite?
True
Is 18916181 composite?
False
Is 990881 prime?
True
Is 5501627 a composite number?
True
Is 26511601 prime?
False
Is 2736671 a prime number?
False
Is 242799923 prime?
True
Is 4132922 a composite number?
True
Is 268392485 prime?
False
Is 21184138 a prime number?
False
Is 31588283 prime?
False
Is 15811 a prime number?
False
Is 17592269 composite?
True
Is 19840069 prime?
False
Is 3096223 prime?
False
Is 79373617 composite?
False
Is 4013827 a composite number?
False
Is 15161603 composite?
True
Is 59922983 composite?
False
Is 31053479 a prime number?
True
Is 15427 a composite number?
False
Is 9867161 a prime number?
False
Is 16303297 a prime number?
False
Is 98472581 prime?
False
Is 245879 a prime number?
False
Is 3432503 a composite number?
False
Is 3556643 a composite number?
True
Is 232359577 composite?
True
Is 522486923 a prime number?
False
Is 31881949 a composite number?
True
Is 147464873 pr